he tens digit of o?
5
Let o(h) = h**2 - 3*h + 5. Let d be o(8). Suppose -3*a + 28 = 4*i, 0 = 5*a + 3*i + 2*i - d. What is the units digit of a?
8
Suppose -z = -3*n + 240, 5*z + 64 = -2*n + 207. What is the tens digit of n?
7
Let s(h) be the first derivative of -h**4/4 + 5*h**3/3 + 4*h**2 - 4*h + 2. What is the units digit of s(6)?
8
Let q be (-22)/(-3) + (-4)/(-6). What is the units digit of q/3 + 4/12?
3
Let n = -6 + 112. What is the units digit of n?
6
Let c(m) = 3 + 2*m**3 + m - m**3 - 3 - m**2. Let r be c(2). What is the tens digit of r*(-2)/8*-8?
1
Suppose -a + 12 - 2 = 0. Let t = 7 - a. What is the tens digit of (-35)/(-3) - 1/t?
1
Suppose -3*s = -n - 15, -5*n - 7 - 35 = -4*s. Let m(q) = -q**2 - 5*q + 6. Let f be m(n). What is the units digit of 7 - 3 - (f - -2)?
2
Suppose -404 = -0*m - 3*m + 4*g, -5*m = 3*g - 654. Suppose z + m = 5*z. What is the tens digit of z?
3
Let x be 1 - (3 + 3 + -2). Suppose -50 = -0*p + 5*p. What is the units digit of (x/(-5))/((-2)/p)?
3
Let y(k) = k**2 + 2*k + 8. Let l(o) = -o. Let b(u) = -6*l(u) + y(u). Let f be b(-6). What is the tens digit of 2 - f/((-4)/(-15))?
1
Let u(m) be the third derivative of m**4/12 + 2*m**3 - 4*m**2. What is the units digit of u(12)?
6
Let z = 2 - 0. Suppose 2*w - 128 = -z*w. What is the units digit of w?
2
Let j = 147 - 70. Suppose -4*b + j = -27. What is the units digit of b?
6
Suppose -3*k + w = 58, 2*k + 2*w + 26 = -10. Let z = -7 - k. What is the tens digit of z?
1
Suppose 8 = -5*q - 7. Suppose 6 - 16 = -5*u. What is the units digit of -2 + -12*u/q?
6
Let g = 53 + 43. What is the units digit of g?
6
What is the units digit of ((-20)/25)/((-8)/20)?
2
Let v = 122 - 8. What is the tens digit of v?
1
Let t(v) = v**2 - 6*v - 5. Let f be t(6). Let p be (36/(-5))/3*f. What is the units digit of 1/(-4) - (-51)/p?
4
Suppose 0 = 7*i - 4*i + 6, 5*i = 5*k - 495. What is the tens digit of k?
9
Suppose -46*l + 44*l + 124 = 0. What is the units digit of l?
2
Let q(l) = -l**2 + 9*l + 13. Let o be q(10). Let c = o - 0. Let h = c + -2. What is the units digit of h?
1
Let j be (2/(-2))/(3/15). Let g = -1 - j. What is the units digit of 3 + g/((-4)/(-5))?
8
Suppose -3*h - 137 = -47. Let g = h + 1. What is the units digit of (-2)/3 + g/(-3)?
9
Suppose 0 = 3*z - 30 - 36. What is the units digit of z?
2
Let v = 18 + -21. Let w = 23 + v. What is the tens digit of w?
2
Suppose 3*n - 5*g = -14, n - 14 = 2*n - 4*g. Suppose -3*s = 3*z - 18, -4*z + n*s - 10 = -4. What is the units digit of z?
1
Let x = 1 + -2. Let f be (x - 1)*10/(-4). Suppose f*t - 30 = 3*a, -3*a = -4*a. What is the units digit of t?
6
Suppose o = -r + 11, 4*o + 5*r - 13 = 2*o. What is the units digit of o?
4
Suppose v + 3*h = 10 + 27, -5*h = 2*v - 70. What is the units digit of v?
5
Let z(g) be the second derivative of -g**5/20 + g**4/12 - g**3/6 + 7*g**2/2 - g. What is the units digit of z(0)?
7
Let w(f) = f - 1. Let u be w(9). Suppose 7*l - 2*l = -2*s, 2*l = 2*s. Let d = u - s. What is the units digit of d?
8
Let k be (6/(-9))/(4/(-18)). Suppose -t + 4 = k*t. What is the units digit of t?
1
Let w be ((-4)/8)/((-2)/(-16)). Let a(u) = 12*u**2 - 2*u + 1. Let s be a(1). Let x = s + w. What is the units digit of x?
7
What is the units digit of ((-2)/(-3))/((-7)/(-42))?
4
Suppose -3*m + 3*x = -399, -290 = -2*m + 2*x - 6*x. What is the units digit of m?
7
Let v(p) = -3*p - 5. Let g be v(-4). Suppose 3*q + g = 2*m - 8, 0 = -3*m + 4*q + 24. What is the tens digit of m?
1
Let b(c) = -5*c - 6*c - 2*c**2 + 4*c + 6 + c**2. What is the tens digit of b(-6)?
1
Let q be -5*1/2*-2. Suppose 0 = -q*x + 13 + 32. What is the units digit of x?
9
Let h = 2 + -2. Suppose -8 = 2*g - h*g. Let m(t) = t + 5. What is the units digit of m(g)?
1
Suppose 3*h = 9 - 3. Suppose 0 = -x - 4*k - 13, 4*x + 0*x - 4 = -h*k. Suppose -2*s + 5*p = 3*s - 65, -x*s + 60 = 4*p. What is the tens digit of s?
1
Suppose -5*s = -4*z - 11, 2*z + 5 = 3*s - 2. What is the units digit of z?
1
Suppose -4*d + 5*d = -2*t + 3, 2*d = 2*t. Let b(p) = 1 + 4*p - 2*p - p. What is the units digit of b(t)?
2
Let n be (-26)/(-4) - (-7)/14. Let p be (-4)/6 - 26/(-3). Suppose 0 = 2*s + p, n = -0*g - g - 2*s. What is the units digit of g?
1
Suppose -9*y + 10*y - 52 = 0. What is the units digit of y?
2
Let w = 3 - 2. Let q be w/3*0 - -5. Suppose -2*f + 39 = -4*g + q, 0 = -f + 5*g + 26. What is the tens digit of f?
1
Let a = -53 + 74. What is the tens digit of a?
2
Let d(u) = -u**3 - 9*u**2 - 7*u + 5. Let j be d(-8). Let r = j + 7. What is the units digit of r?
4
Suppose 3*c + 0*c - 91 = -2*s, c = s + 22. Let z = c + -14. What is the tens digit of z?
1
Let h be ((-6)/(-12))/(1/8). Let b = 7 - h. Suppose a = b*f - 50, 3*f - 2*f + 5*a = 22. What is the units digit of f?
7
Let d = 10 - 7. Suppose -5 + 1 = 2*f + h, -d*h = -2*f + 12. Suppose f = -g - w + 25 - 9, 2*g + w - 27 = 0. What is the units digit of g?
1
Suppose 5*f - 174 = -24. What is the tens digit of f?
3
Suppose -19*c + 23*c - 320 = 0. What is the tens digit of c?
8
Let o(f) = 28*f**2 + 4*f - 1. Let x(v) = -v. Let j(y) = o(y) + 6*x(y). Let k be j(-1). Let l = k - 8. What is the tens digit of l?
2
Let q(i) = -3*i - 7. Let l be q(-5). Let j = l - 6. Suppose 13 = h + 3*b - 3, j*h + 3*b - 20 = 0. What is the units digit of h?
4
What is the hundreds digit of 51*2 - 2/(-1)*1?
1
Suppose l - 4*l + 3*p = -42, 0 = -5*p + 10. Suppose -l = -0*q - 2*q. What is the units digit of q?
8
Suppose 4*v = -6 + 26, 0 = q - 2*v - 61. Suppose -i + 3*t = 4*i - 55, -4*i = 3*t - q. What is the tens digit of i?
1
Let t(m) = 2*m**2 + 2*m**2 + 2*m + m**2 - 3*m. What is the tens digit of t(2)?
1
Let f be ((-6)/6)/(1/(-2)). Suppose f*u - 10 = 6. What is the units digit of u?
8
Let t(h) = 4*h**2 - 2*h - 2. Let i = 6 - 8. What is the tens digit of t(i)?
1
Suppose -168 + 1308 = 4*b. What is the units digit of b?
5
Suppose 4*p + 17 = 133. What is the tens digit of p?
2
Suppose -5*y + 2 = -4*y. Suppose -y*q = -96 + 34. What is the units digit of q?
1
Let v(i) = -i**3 + 4*i**2 + 4*i + 3. Let u be v(-3). Suppose 2*r = -3*s + 7*s - 60, 4*s - u = -r. What is the units digit of s/(1 + 1 - 0)?
7
Suppose -5*a + 4*a + 2 = 0. Suppose -a*s + s = 0. What is the units digit of 1*s/(-1) + 9?
9
Let r(o) = 6*o. Let x be r(1). Suppose -4*q + 8 = 0, -4*q + 4 = -5*i + x. What is the units digit of i?
2
Suppose -4*c + 18 = -5*p, 5*c + p = -3*p + 2. What is the units digit of 2/c + (2 - -4)?
7
Suppose 5*t - 6 = -2*l, 3*t - 12 = -7*l + 3*l. Suppose -3*f - b = -2, t = 3*b + 5 - 2. What is the units digit of f?
1
Let p(d) be the first derivative of d**3/3 - 2*d**2 + 12*d - 3. What is the units digit of p(6)?
4
Let s = 13 + -9. Suppose -2*o = -s*u + 42, 2*u + 2*o = 4*u - 20. Suppose -u = -2*c - 3. What is the units digit of c?
4
What is the tens digit of -4 + -36*23*4/(-16)?
0
Let h be 15*(-3)/(-18)*14. Suppose -2*u + 4*u = 3*i - 35, -i - 4*u = -h. What is the units digit of i?
5
Suppose 4*h = h - 15. Let a(b) = -b - 2. Let v be a(h). Suppose 0 = -7*r + v*r + 12. What is the units digit of r?
3
Let l(u) = -2*u**3 - 7*u**2 + 14. What is the tens digit of l(-6)?
9
Let h(j) = j + 8. What is the units digit of h(-3)?
5
Let f(a) = -18*a + 12*a + 2 + a**2 + 3. Let t be f(4). Let i = t + 13. What is the units digit of i?
0
Let x(b) = b**2 - 5*b. Let h be (-2)/(2*1/(-5)). Let u be x(h). Let d = u + 8. What is the units digit of d?
8
Suppose 5 = -4*k + 3*k, -150 = -5*s - 4*k. What is the units digit of s?
4
Suppose 7*p - 744 = 3*p. What is the tens digit of p?
8
Let a = 39 - 19. Suppose 0 = t - 0*t - a. What is the units digit of t?
0
Let o = 8 - 5. Suppose 0*g + 17 = g + 4*l, -g - o*l = -16. What is the tens digit of g?
1
Let j(d) = -22*d - 1. What is the units digit of j(-1)?
1
What is the units digit of (167 - -1)*(-3)/(-4)?
6
Suppose 23 = 3*a + 2*y, y + 0 - 1 = 0. Suppose -6*k = -a*k + 51. What is the units digit of k?
1
Suppose 2 = a - 4*t - 6, 7 = a - 3*t. Suppose a*s - 57 = 51. What is the units digit of s?
7
Let j(s) = -6*s + 1. What is the units digit of j(-1)?
7
Suppose 2*a = 14 + 8. Let b = a - 6. What is the units digit of b?
5
What is the tens digit of -2 + 0 - (3 + -15)?
1
Let t be (-2)/(-6) + (-254)/(-3). Suppose t = f + 4*f. What is the units digit of f?
7
Suppose 3 = -4*v + 11. Suppose -6 = -v*r +